{"id":164,"date":"2023-01-18T18:55:25","date_gmt":"2023-01-18T17:55:25","guid":{"rendered":"https:\/\/adsh-hg.org\/?page_id=164"},"modified":"2026-03-30T19:08:27","modified_gmt":"2026-03-30T17:08:27","slug":"adhesion","status":"publish","type":"page","link":"https:\/\/adsh-hg.org\/?page_id=164","title":{"rendered":"ADHESION"},"content":{"rendered":"<style>\/*! elementor - v3.10.1 - 17-01-2023 *\/<br \/>.elementor-widget-image{text-align:center}.elementor-widget-image a{display:inline-block}.elementor-widget-image a img[src$=\".svg\"]{width:48px}.elementor-widget-image img{vertical-align:middle;display:inline-block}<\/style>\n<p><img loading=\"lazy\" decoding=\"async\" src=\"https:\/\/adsh-hg.org\/wp-content\/uploads\/2023\/01\/cropped-adsh-hg-5-1-283x300.png\" sizes=\"auto, (max-width: 283px) 100vw, 283px\" srcset=\"https:\/\/adsh-hg.org\/wp-content\/uploads\/2023\/01\/cropped-adsh-hg-5-1-283x300.png 283w, https:\/\/adsh-hg.org\/wp-content\/uploads\/2023\/01\/cropped-adsh-hg-5-1-967x1024.png 967w, https:\/\/adsh-hg.org\/wp-content\/uploads\/2023\/01\/cropped-adsh-hg-5-1-768x813.png 768w, https:\/\/adsh-hg.org\/wp-content\/uploads\/2023\/01\/cropped-adsh-hg-5-1-1450x1536.png 1450w, https:\/\/adsh-hg.org\/wp-content\/uploads\/2023\/01\/cropped-adsh-hg-5-1-1934x2048.png 1934w, https:\/\/adsh-hg.org\/wp-content\/uploads\/2023\/01\/cropped-adsh-hg-5-1.png 2000w\" alt=\"\" width=\"283\" height=\"300\" \/><\/p>\n<p><strong>Association de d\u00e9fense des sites & habitants de Haute Gironde<\/strong><br \/>\nMairie 33710 Gauriac<\/p>\n<p><strong>BULLETIN D\u2019ADHESION<br \/>\n<\/strong><\/p>\n<p><strong>Ann\u00e9e 2026 (tarif 10 \u20ac)<\/strong><\/p>\n<p>Nom, Pr\u00e9nom,<\/p>\n<p>Adresse<\/p>\n<p>T\u00e9l\u00e9phone<\/p>\n<p>Mail<\/p>\n<p><em>Je soussign\u00e9(e)<\/em><\/p>\n<p>D\u00e9clare solliciter mon adh\u00e9sion \u00e0 l\u2019Association de D\u00e9fense des Sites & Habitants de Haute Gironde.<br \/>\nJe d\u00e9clare avoir re\u00e7u un exemplaire des Statuts de l\u2019Association dont j\u2019ai pu prendre connaissance.<\/p>\n<p>Je d\u00e9clare m\u2019engager \u00e0 respecter toutes les obligations des membres de l\u2019association qui y figurent.<\/p>\n<p><em>Je d\u00e9clare avoir \u00e9t\u00e9 \u00e9galement inform\u00e9(e) des dispositions de la loi du 6 janvier 1978 qui r\u00e8glemente le droit de communication dans le fichier des membres de l\u2019association des donn\u00e9es personnelles me concernant.<\/em><\/p>\n<p>Date Signature de l\u2019adh\u00e9rent<\/p>\n","protected":false},"excerpt":{"rendered":"<p>Association de d\u00e9fense des sites &#038; habitants de Haute Gironde Mairie 33710 Gauriac BULLETIN D\u2019ADHESION Ann\u00e9e 2026 (tarif 10 \u20ac) Nom, Pr\u00e9nom, Adresse T\u00e9l\u00e9phone Mail Je soussign\u00e9(e) D\u00e9clare solliciter mon adh\u00e9sion \u00e0 l\u2019Association de D\u00e9fense des Sites &#038; Habitants de &hellip; <a href=\"https:\/\/adsh-hg.org\/?page_id=164\">Continuer la lecture <span class=\"meta-nav\">&rarr;<\/span><\/a><\/p>\n","protected":false},"author":1,"featured_media":0,"parent":0,"menu_order":0,"comment_status":"closed","ping_status":"closed","template":"","meta":{"footnotes":""},"class_list":["post-164","page","type-page","status-publish","hentry"],"_links":{"self":[{"href":"https:\/\/adsh-hg.org\/index.php?rest_route=\/wp\/v2\/pages\/164","targetHints":{"allow":["GET"]}}],"collection":[{"href":"https:\/\/adsh-hg.org\/index.php?rest_route=\/wp\/v2\/pages"}],"about":[{"href":"https:\/\/adsh-hg.org\/index.php?rest_route=\/wp\/v2\/types\/page"}],"author":[{"embeddable":true,"href":"https:\/\/adsh-hg.org\/index.php?rest_route=\/wp\/v2\/users\/1"}],"replies":[{"embeddable":true,"href":"https:\/\/adsh-hg.org\/index.php?rest_route=%2Fwp%2Fv2%2Fcomments&post=164"}],"version-history":[{"count":8,"href":"https:\/\/adsh-hg.org\/index.php?rest_route=\/wp\/v2\/pages\/164\/revisions"}],"predecessor-version":[{"id":1325,"href":"https:\/\/adsh-hg.org\/index.php?rest_route=\/wp\/v2\/pages\/164\/revisions\/1325"}],"wp:attachment":[{"href":"https:\/\/adsh-hg.org\/index.php?rest_route=%2Fwp%2Fv2%2Fmedia&parent=164"}],"curies":[{"name":"wp","href":"https:\/\/api.w.org\/{rel}","templated":true}]}}